*q - 6 = -z. Calculate the remainder when z is divided by 2.
0
Let p = -29 + 61. Suppose 0*n - p = -n. What is the remainder when n is divided by 17?
15
Suppose -3*o + 2*o = -8. What is the remainder when o is divided by 3?
2
Let s(j) = 6*j - 14. Let m(i) = 5*i - 13. Let z(h) = 3*m(h) - 2*s(h). What is the remainder when 10 is divided by z(5)?
2
Let a = 2 - -16. What is the remainder when a is divided by 12?
6
What is the remainder when 75 is divided by 2 + 17 + 0/(-4)?
18
What is the remainder when 11 is divided by ((-56)/(-40))/((-2)/(-10))?
4
Let h(l) = 2*l + 11. Let t be h(10). Let g = t - 14. What is the remainder when g is divided by 6?
5
Let a(q) = -29*q - 3. Calculate the remainder when a(-2) is divided by 14.
13
Suppose -a = -5*k - 65, -k - k + 298 = 5*a. Suppose 0 = 4*f - a + 20. Suppose 2 - f = -w. What is the remainder when w is divided by 5?
3
Suppose -420 = -4*s + 4*u, -s - u + 70 + 25 = 0. What is the remainder when s is divided by 34?
32
Suppose -6 + 231 = 5*i. Calculate the remainder when i is divided by 12.
9
Let q = 29 + -12. Suppose -g = 2*g - 6. Suppose n - 99 = -g*n. Calculate the remainder when n is divided by q.
16
Suppose -x - x = -40. Calculate the remainder when (3*13 - 2) + 2 is divided by x.
19
Suppose s - 15 = -2*z + 6*s, z - 3*s = 8. What is the remainder when z is divided by 4?
1
Let b = 2 + -2. What is the remainder when 43 is divided by 17*1 + b + -2?
13
Suppose 0 = 7*y - 11*y + 40. What is the remainder when y is divided by 6?
4
Suppose -f - 33 = -3*f - 3*u, 2*f + 2*u - 30 = 0. Calculate the remainder when (-245)/(-4) - 3/f is divided by 2/5 + 206/10.
19
Suppose -5*y = r + 3*r - 312, -r + 2*y + 91 = 0. Let v(l) = -l**2 - 15*l - 27. Calculate the remainder when r is divided by v(-11).
15
Suppose -6*b = 2 - 20. Calculate the remainder when 8 is divided by b.
2
Suppose 176 = -3*o + 5*o. What is the remainder when o is divided by 10?
8
Calculate the remainder when 111 is divided by (-1 - -24) + 5 + -4.
15
Let j = -46 + 57. Let b = -6 + 79. Let u = b - 41. What is the remainder when u is divided by j?
10
Let y = -130 - -139. What is the remainder when 16 is divided by y?
7
Let j(i) = 15*i**2 + 1. Suppose 4*t = -v + 4*v - 8, -4*t + v = 0. Suppose -t = -5*w + 44. What is the remainder when j(1) is divided by w?
7
Let k(b) be the third derivative of -b**6/120 + 7*b**5/60 - b**4/6 - b**3/6 + 3*b**2. What is the remainder when k(5) is divided by (-8)/6*(-15)/2?
9
Suppose -f + 8 = x + 2*x, 28 = 3*f + 5*x. What is the remainder when 31 is divided by f?
9
Let o = 5 + -4. Let m be ((-76)/o)/((-2)/2). Calculate the remainder when m/18 + 8/(-36) is divided by 2.
0
Let v(j) be the first derivative of -j**4/4 + 2*j**3 + 3*j**2/2 + j + 8. Calculate the remainder when v(6) is divided by 7.
5
Suppose 2*s - 143 = -5*h, -h + 8 + 23 = -2*s. What is the remainder when 85 is divided by h?
27
Suppose o - 2 + 6 = x, -5*x + 18 = -3*o. Suppose 0*s - s = -4*y + 108, -x*y + 66 = 3*s. What is the remainder when y is divided by 9?
8
Let u = 5 + 78. Let y be u/5 - (-6)/15. Let x = 31 - y. Calculate the remainder when 40 is divided by x.
12
Let c = -15 - -20. Suppose -b = b - c*y - 26, 3*b - 3*y = 57. What is the remainder when 68 is divided by b?
22
Let a = 60 - 28. What is the remainder when a is divided by 3 - 3*28/(-6)?
15
Let j(z) = z**3 + 5*z**2 - 9*z - 7. Let c be j(-6). Suppose u - 11 = i + 4*i, 2*u = -i - c. What is the remainder when 1 - 0 - (i - 0) is divided by 3?
1
Let n(s) = s**3 + 6*s**2 + 4*s - 2. Suppose 3*t = 2*q - 4*q + 1, -3*t - 4*q - 1 = 0. Calculate the remainder when n(-5) is divided by t.
0
Suppose -3*q - p + 303 - 26 = 0, q - 3*p - 79 = 0. What is the remainder when q is divided by 31?
29
Let u = -22 - -30. Calculate the remainder when u is divided by 3.
2
Let r(x) = x**3 + 10*x**2 - 12*x - 1. What is the remainder when 17 is divided by r(-11)?
7
Suppose -4 + 14 = 2*m. Suppose -m*a - y + 251 = 0, 4*y = 3*a - 80 - 89. What is the remainder when a is divided by 18?
15
Suppose -7*f - 99 = -365. Calculate the remainder when f is divided by -1 + (-1)/1*-11.
8
Let s be ((-1)/(3/(-222)))/(-2). Let v = 119 + -61. Let c = s + v. What is the remainder when c is divided by 11?
10
Let g = 39 - 81. Calculate the remainder when g/(-4)*(-2)/(-3) is divided by 4.
3
Let r = -11 - -66. Suppose -r = -5*j - 3*n + n, 2*n = 0. What is the remainder when 31 is divided by j?
9
Suppose 31 = 5*p + 6. Suppose 0*u + p = u. Suppose -u*a = -31 + 1. Calculate the remainder when 11 is divided by a.
5
Suppose 3*z + 96 = -0*b + 3*b, 2*b - 3*z - 67 = 0. Let i = b + -17. What is the remainder when i is divided by 7?
5
Let y = -10 - -8. Let t(p) = p**2 - 4*p - 3. Calculate the remainder when 16 is divided by t(y).
7
Let o = 1 - -9. Let r(y) = y**2 - 12*y + 15. Let h be r(o). Let i(z) = z**2 + 5*z + 4. What is the remainder when i(h) is divided by 3?
1
Let f(g) = 2*g**2 - 8*g - 2. Let c be f(6). Suppose 2*s = s + c. What is the remainder when s is divided by 12?
10
Let c = 14 + 42. What is the remainder when 163 is divided by c?
51
Let z = -32 + 51. What is the remainder when 73 is divided by z?
16
Let h(y) = 5*y + 20. Let r(f) = f + 4. Let b(k) = 2*h(k) - 11*r(k). What is the remainder when b(-6) is divided by 2?
0
Suppose 3*r + 10 = -2*o, -4*r + 34 = -4*o - 3*r. Let k be o/(-28) - (-80)/14. Calculate the remainder when (-52)/(-6)*9/k is divided by 7.
6
Let a be ((-2)/4)/((-2)/(-68)). Let d = -3 - a. Suppose -4*y - 3*v + 26 = 0, -2*v - 5 - 6 = -3*y. Calculate the remainder when d is divided by y.
4
Let x(w) = -w - 8. Let b(q) = -q**2 - 5*q + 7. Let y be b(-5). Let i be x(y). Let c = i + 25. What is the remainder when 18 is divided by c?
8
Let a = -14 + 16. Suppose -a*m + 126 = m. Calculate the remainder when m is divided by 11.
9
Suppose -5*l + 5 = h, -5*h - 36 + 5 = -3*l. Let t be (-1)/(-2) - 74/4. Let d = l - t. What is the remainder when d is divided by 11?
9
Let r be (-77)/3 - 8/(-12). Let k = r - -58. What is the remainder when k is divided by 18?
15
Let f be 2 + 1 - 3 - -23. Let g = -17 + f. Calculate the remainder when 17 is divided by g.
5
Let g(u) = 3 - 2*u - 2 - 6*u**2 + 10*u**2. Suppose 3*l + 0*n - 78 = -3*n, 0 = 3*l + 5*n - 80. Calculate the remainder when l is divided by g(2).
12
Suppose -2*l + 0*l + 108 = 0. Suppose -3*c = 4*d - 2*d - 49, 2*c - 4*d - l = 0. Suppose 3*t - 29 - c = 0. Calculate the remainder when t is divided by 9.
7
Suppose -4*f = -0*f. Suppose 38 = 3*h - 2*b + 7, f = -3*b + 3. Calculate the remainder when h is divided by 4.
3
Let j = -21 - -15. Let u = j - -10. What is the remainder when (-1)/u + 117/4 is divided by 15?
14
Let g be -24*1/(4/3). Let m = g - 25. Let n = 78 + m. What is the remainder when n is divided by 12?
11
Let m = 104 + -24. Calculate the remainder when m is divided by 2/6 + 80/3.
26
Let w(m) = 2*m**2 + 3*m. Let a be w(-2). Suppose a*d - 6*d = -80. Calculate the remainder when 60 - (1 - (0 - 0)) is divided by d.
19
Let g(s) = -7*s**2 + s. Let q be g(-1). Calculate the remainder when -8 + 9 + (55 - 1) is divided by (76/q)/((-2)/4).
17
Let y = 182 - 126. Suppose 3*s = 5*o - 154 - y, -3*o + 3*s = -132. Let l = o - 18. Calculate the remainder when l is divided by 6.
3
Let i = 40 - -10. Suppose 4*v + v - 85 = 0. Calculate the remainder when i is divided by v.
16
Let h(o) = o**2 + 7*o + 6. Let m be h(-10). Let a = m + -25. What is the remainder when a is divided by 7?
4
Let u(y) = -2*y**3 + y**2 - y + 5. Calculate the remainder when u(-3) is divided by 37.
34
Suppose -4*u = 6*b - 2*b - 16, u = 0. Suppose 0 = 3*p + 21 + 12. Let k = p - -17. Calculate the remainder when k is divided by b.
2
Let l(z) = 0*z**2 + z + 3*z + z**2 - 4. Suppose 5*a = -4*r + 2*r + 5, 4*r + 32 = 4*a. What is the remainder when 1 is divided by l(r)?
0
Let j(l) = 10*l + 5. Let z be j(5). Suppose 2*n - z = -3*n. Calculate the remainder when 31 is divided by n.
9
Let w(g) = g**3 - 3*g**2 + 2*g + 2. Let f be w(2). Suppose 4*l + p - 76 = 0, l - f*l + 2*p + 28 = 0. Calculate the remainder when l is divided by 11.
9
Let f = -72 - -101. Calculate the remainder when f is divided by 12.
5
Let t = 39 - 2. Suppose t = 5*c - 3. What is the remainder when 29 is divided by c?
5
Suppose -21 + 3 = -4*q + 5*s, 0 = -s - 2. Suppose q*k = k + 23. Calculate 